o base 10.
-92226
Convert -4222650 (base 8) to base 6.
-40030320
-2862246 (base 9) to base 11
-987332
Convert a57046 (base 12) to base 3.
11220022020000
Convert -210152 (base 14) to base 12.
-458a50
13004322 (base 5) to base 3
20101021101
What is 333133110 (base 4) in base 2?
111111011111010100
What is 201423203 (base 5) in base 6?
25214513
-531371 (base 8) to base 3
-22222122110
What is 613030 (base 7) in base 8?
313545
What is -110102003 (base 4) in base 9?
-135855
-1332272 (base 8) to base 12
-1604a2
Convert -4160843 (base 10) to base 15.
-572c98
What is 4066985 (base 11) in base 4?
123121232122
Convert 694744 (base 10) to base 14.
141288
Convert 618923 (base 13) to base 10.
2275445
What is 11144301 (base 5) in base 6?
2050423
Convert -206609 (base 10) to base 16.
-32711
-137b6a (base 15) to base 11
-590358
Convert -276a1 (base 15) to base 5.
-13021001
Convert -1272950 (base 14) to base 2.
-100001111000010100001010
-100001011000110101101 (base 2) to base 13
-2c3c97
Convert -1130275 (base 8) to base 2.
-1001011000010111101
Convert 21122110 (base 5) to base 6.
3441134
41c4b (base 16) to base 2
1000001110001001011
-14992a (base 11) to base 2
-111000110100001011
35571 (base 14) to base 2
11111101111111111
Convert b12b (base 13) to base 7.
131026
What is -450325 (base 10) in base 14?
-ba181
6b45ab (base 12) to base 5
420310401
-236960 (base 10) to base 8
-716640
Convert -1c59c (base 15) to base 5.
-10424042
What is -58655d (base 14) in base 16?
-2dfd57
What is 1431204 (base 6) in base 5?
10110230
Convert -ae20a (base 15) to base 8.
-2071750
What is 20011200000 (base 3) in base 11?
83315
What is 302724 (base 8) in base 16?
185d4
Convert -303411433 (base 5) to base 6.
-42224130
Convert -10512153 (base 6) to base 7.
-2503506
What is -3125105 (base 6) in base 2?
-100100111110100001
Convert -5216101 (base 8) to base 11.
-865488
What is -414760a (base 11) in base 16?
-6fa1c8
What is 432500 (base 8) in base 2?
100011010101000000
What is -c05c70 (base 13) in base 10?
-4468620
Convert 12220211101020 (base 3) to base 10.
3145911
Convert -783073 (base 9) to base 16.
-72474
What is 2010222110 (base 3) in base 11?
29835
120450 (base 8) to base 2
1010000100101000
What is 2201320303 (base 4) in base 7?
5431132
Convert 22346636 (base 7) to base 6.
105403352
Convert 221012222 (base 4) to base 9.
275848
Convert 133173 (base 11) to base 10.
209168
Convert 5073a3 (base 16) to base 8.
24071643
What is 105732 (base 10) in base 14?
2a764
Convert -105632 (base 7) to base 14.
-6c19
-45f923 (base 16) to base 8
-21374443
What is 13220301223 (base 5) in base 10?
16572063
ab765 (base 14) to base 5
101301210
What is 1167708 (base 9) in base 4?
2123022032
-10010100011010110 (base 2) to base 7
-434355
-801006 (base 9) to base 13
-137475
-77762 (base 8) to base 13
-11ba7
What is 126847 (base 13) in base 9?
744621
Convert -a0243b (base 13) to base 8.
-16135642
157b1 (base 12) to base 5
1434032
3105c7 (base 13) to base 16
117298
Convert -540a (base 11) to base 9.
-10723
2022221120022 (base 3) to base 11
77695a
698033 (base 11) to base 14
20c0d1
What is 200240314 (base 5) in base 16?
c0e44
What is -213a5 (base 12) in base 3?
-2020000122
What is -1013234400 (base 5) in base 13?
-580b2c
-72739 (base 11) to base 16
-19e36
-3845265 (base 9) to base 8
-7777271
Convert 146558a (base 11) to base 4.
21211001321
What is 20511113 (base 6) in base 3?
1010111110200
Convert -2265434 (base 7) to base 15.
-597be
What is 753551 (base 9) in base 8?
1554422
5a8b9 (base 12) to base 5
12403003
Convert -349b3a (base 12) to base 6.
-30051314
What is 6615641 (base 7) in base 5?
201424200
What is 470254 (base 8) in base 9?
263324
-1168b38 (base 12) to base 2
-1100110111111001011100
Convert -154004a (base 12) to base 4.
-100131000322
Convert -139a6 (base 14) to base 5.
-3023213
-74c07 (base 13) to base 16
-3373e
Convert a1a56a (base 11) to base 14.
3094d8
Convert 15562247 (base 8) to base 4.
31232102213
167764 (base 8) to base 6
1152220
What is 1435852 (base 9) in base 7?
6505022
What is -56832 (base 15) in base 6?
-5522102
Convert 2025 (base 9) to base 3.
2000212
6578531 (base 11) to base 5
10424022040
What is -2414044103 (base 5) in base 8?
-25321563
What is -994993 (base 10) in base 2?
-11110010111010110001
Convert 29186 (base 10) to base 13.
10391
115d93b (base 15) to base 7
210546461
What is 571ee (base 15) in base 16?
43acf
-337329 (base 15) to base 14
-47c61d
Convert -465863b (base 12) to base 8.
-63553217
1a2493 (base 12) to base 10
460335
-22155435 (base 6) to base 4
-2203100033
What is 29aaa (base 16) in base 3?
22200002222
What is -29184 (base 16) in base 3?
-22112220020
Convert 1222211220 (base 3) to base 16.
9957
Convert -2499 (base 11) to base 16.
-cb6
Convert -391d8a (base 15) to base 12.
-b01904
60335 (base 12) to base 7
1030052
What is -3034310 (base 5) in base 2?
-1100000010110010
243318 (base 15) to base 11
a83372
Convert 92217 (base 12) to base 11.
12004a
-110110001000011010 (base 2) to base 12
-a838a
Convert 130210130221 (base 4) to base 10.
7489321
What is -133a6a (base 11) in base 16?
-3354d
What is -113602 (base 12) in base 15?
-569e8
3342202404 (base 5) to base 13
16b5b19
-533655 (base 10) to base 12
-2189b3
Convert -154a888 (base 11) to base 9.
-4877701
Convert -1085357 (base 9) to base 8.
-2174135
Convert 1011000000001010 (base 2) to base 14.
125d0
Convert -207467 (base 8) to base 6.
-1253235
Convert -101111000110111011111100 (base 2) to base 8.
-57067374
-36642766 (base 8) to base 15
-a98ae3
82204 (base 12) to base 5
20412021
Convert -10325222 (base 7) to base 3.
-1122201221122
Convert -3984a (base 12) to base 7.
-446143
-2436281 (base 11) to base 15
-58b27b
139539 (base 11) to base 13
78076
What is dc542 (base 16) in base 6?
31202030
-82d11 (base 15) to base 7
-3345004
Convert 10452344 (base 6) to base 2.
1001101101010001000
Convert 21202010110 (base 3) to base 4.
211032012
1100000001011110011010 (base 2) to base 13
86476b
Convert 1110010001001110011000 (base 2) to base 10.
3740568
1659148 (base 10) to base 11
a335a7
What is 1c397a4 (base 14) in base 12?
4892158
What is -1010200000 (base 3) in base 5?
-1203411
-3c0da (base 15) to base 4
-233001010
What is 45333 (base 7) in base 4?
2303202
What is 2011114 (base 8) in base 2?
10000001001001001100
Convert 64bb3 (base 13) to base 7.
1356035
-202100001 (base 4) to base 2
-100010010000000001
Convert -3564cb (base 15) to base 7.
-30460646
1210332201 (base 5) to base 10
2824051
Convert 3154241 (base 7) to base 9.
643652
Convert 10100120002212 (base 3) to base 4.
12303023102
What is 400002440 (base 6) in base 3?
110122100211020
Convert -3120111123 (base 4) to base 15.
-12783c
Convert -302022121 (base 4) to base 12.
-9aaa1
What is 182951 (base 11) in base 7?
2253055
1b2433 (base 13) to base 7
5604225
-254152032 (base 6) to base 11
-2888783
Convert -a5bce (base 15) to base 12.
-214342
Convert 23b27 (base 12) to base 7.
260506
Convert 20011103223 (base 4) to base 11.
1217a55
Convert 5892829 (base 10) to base 13.
12b42a7
What is -14025442 (base 6) in base 2?
-1110010110110000010
Convert -596d47 (base 15) to base 14.
-7d4302
Convert -89639 (base 10) to base 6.
-1530555
What is -1001011210110 (base 3) in base 9?
-1034713
122011101101120 (base 3) to base 11
516a660
12305551 (base 6) to base 12
1722b7
What is -11166634 (base 7) in base 3?
-1211112011001
300101322 (base 4) to base 13
6c01b
-10030111312 (base 4) to base 8
-4142566
-1ca75 (base 15) to base 11
-64267
What is -1132003202 (base 5) in base 2?
-1001111101001010001010
What is -100021012001012 (base 3) in base 15?
-674152
Convert 12550152 (base 6) to base 15.
840bb
Convert 30825aa (base 12) to base 15.
c04981
404448 (base 9) to base 5
30130410
Convert 131034103 (base 5) to base 6.
21440552
1432124 (base 5) to base 2
111011001010001
-57a76 (base 11) to base 3
-11020222021
Convert 41e19 (base 16) to base 6.
5441145
cdd9c3 (base 14) to base 16
6aac37
Convert 63493d (base 15) to base 8.
22011774
What is 5664254 (base 7) in base 6?
23035522
Convert 26964f (base 16) to base 4.
21221121033
Convert 10333303331 (base 4) to base 5.
313404244
Convert -242354024 (base 6) to base 8.
-21436140
304937 (base 12) to base 4
2320100323
Convert 221011110120 (base 3) to base 12.
1ba796
-1212120100202 (